{"id":681,"date":"2017-12-12T11:31:54","date_gmt":"2017-12-12T13:31:54","guid":{"rendered":"http:\/\/sjcbancarios.com.br\/site\/?page_id=681"},"modified":"2026-02-23T16:51:02","modified_gmt":"2026-02-23T19:51:02","slug":"denuncie-assedio-moral","status":"publish","type":"page","link":"https:\/\/sjcbancarios.com.br\/site\/denuncie-assedio-moral\/","title":{"rendered":"Denuncie"},"content":{"rendered":"<p>[et_pb_section fb_built=&#8221;1&#8243; _builder_version=&#8221;4.27.0&#8243; custom_margin=&#8221;25px||0px||false|false&#8221; custom_padding=&#8221;0px||0px||true|false&#8221; global_colors_info=&#8221;{}&#8221;][et_pb_row use_custom_gutter=&#8221;on&#8221; gutter_width=&#8221;1&#8243; make_equal=&#8221;on&#8221; _builder_version=&#8221;4.27.0&#8243; background_size=&#8221;initial&#8221; background_position=&#8221;top_left&#8221; background_repeat=&#8221;repeat&#8221; width_tablet=&#8221;100%&#8221; width_phone=&#8221;100%&#8221; width_last_edited=&#8221;on|tablet&#8221; max_width_tablet=&#8221;100%&#8221; max_width_phone=&#8221;100%&#8221; max_width_last_edited=&#8221;on|tablet&#8221; module_alignment=&#8221;center&#8221; custom_margin=&#8221;0px||0px||true|false&#8221; custom_padding=&#8221;0px|16px|0px|16px|true|true&#8221; global_colors_info=&#8221;{}&#8221;][et_pb_column type=&#8221;4_4&#8243; _builder_version=&#8221;4.16&#8243; custom_padding=&#8221;|||&#8221; global_colors_info=&#8221;{}&#8221; custom_padding__hover=&#8221;|||&#8221;][dsm_contact_form_7 cf7_library=&#8221;18116&#8243; label_bottom_spacing=&#8221;14px&#8221; input_background_color=&#8221;#ededed&#8221; admin_label=&#8221;Supreme Contact Form 7&#8243; _builder_version=&#8221;4.27.5&#8243; _module_preset=&#8221;default&#8221; labels_font=&#8221;Arial|600|||||||&#8221; labels_text_color=&#8221;#000000&#8243; labels_font_size=&#8221;16px&#8221; labels_line_height=&#8221;1.3em&#8221; input_textarea_select_text_color=&#8221;#000000&#8243; input_textarea_select_font_size=&#8221;16px&#8221; input_textarea_select_line_height=&#8221;1.3em&#8221; placeholder_text_color=&#8221;#000000&#8243; custom_button_one=&#8221;on&#8221; button_one_text_size=&#8221;17px&#8221; button_one_text_color=&#8221;#FFFFFF&#8221; button_one_bg_color=&#8221;#549b1a&#8221; button_one_border_color=&#8221;#FFFFFF&#8221; button_one_border_radius=&#8221;9px&#8221; button_one_font=&#8221;Arial|600|||||||&#8221; button_one_custom_padding=&#8221;|34px||34px|false|true&#8221; hover_enabled=&#8221;0&#8243; border_radii_image=&#8221;on|7px|7px|7px|7px&#8221; border_width_all_image=&#8221;1px&#8221; border_color_all_image=&#8221;#bababa&#8221; global_colors_info=&#8221;{}&#8221; custom_margin=&#8221;||||false|false&#8221; placeholder_font_size=&#8221;16px&#8221; placeholder_line_height=&#8221;1.4em&#8221; sticky_enabled=&#8221;0&#8243; custom_css_free_form=&#8221;#et-boc .et-l .hentry, #et-boc .et-l a, #et-boc .et-l a:active, #et-boc .et-l blockquote, #et-boc .et-l div, #et-boc .et-l em, #et-boc .et-l form, #et-boc .et-l h1, #et-boc .et-l h2, #et-boc .et-l h3, #et-boc .et-l h4, #et-boc .et-l h5, #et-boc .et-l h6, #et-boc .et-l hr, #et-boc .et-l iframe, #et-boc .et-l img, #et-boc .et-l input, #et-boc .et-l label, #et-boc .et-l li, #et-boc .et-l object, #et-boc .et-l ol, #et-boc .et-l p, #et-boc .et-l span, #et-boc .et-l strong, #et-boc .et-l textarea, #et-boc .et-l ul, #et-boc .et-l video {||    padding: 2px;||}&#8221;][\/dsm_contact_form_7][et_pb_text _builder_version=&#8221;4.27.0&#8243; text_font=&#8221;Arial||||||||&#8221; text_text_color=&#8221;#000000&#8243; text_font_size=&#8221;18px&#8221; text_line_height=&#8221;1.3em&#8221; ul_text_color=&#8221;#000000&#8243; ul_font_size=&#8221;16px&#8221; ul_line_height=&#8221;1.2em&#8221; header_2_font=&#8221;|600|||||||&#8221; header_2_text_color=&#8221;#07437f&#8221; header_2_font_size=&#8221;21px&#8221; header_2_line_height=&#8221;1.2em&#8221; background_size=&#8221;initial&#8221; background_position=&#8221;top_left&#8221; background_repeat=&#8221;repeat&#8221; custom_margin=&#8221;25px||0px||false|false&#8221; custom_padding=&#8221;||0px||false|false&#8221; custom_css_free_form=&#8221;ul li {||  margin-bottom:14px;||}&#8221; global_colors_info=&#8221;{}&#8221;]<\/p>\n<h2>Importante<\/h2>\n<ul>\n<li>Sua den\u00fancia deve estar bem fundamentada, de forma que possa ser checada pelo Sindicato antes de ser encaminhada ao banco;<\/li>\n<li>\u00c9 necess\u00e1rio que o denunciante se identifique, para que o Sindicato possa dar o devido retorno ao trabalhador;<\/li>\n<li>Somente o Sindicato conhecer\u00e1 a identidade do denunciante;<\/li>\n<li>O Sindicato tem prazo de dez dias \u00fateis para apresentar sua den\u00fancia ao banco;<\/li>\n<li>Ap\u00f3s receber a den\u00fancia, o banco ter\u00e1 60 dias corridos para apurar o caso. Neste per\u00edodo n\u00e3o poder\u00e1 haver qualquer divulga\u00e7\u00e3o do fato denunciado, nem pelo Sindicato, nem pelo banco;<\/li>\n<li>Os nomes dos empregados, denunciante e denunciado, ser\u00e3o preservados;<\/li>\n<li>A den\u00fancia ser\u00e1 apurada pelo banco, que prestar\u00e1 os esclarecimentos ao Sindicato;<\/li>\n<li>As den\u00fancias apresentadas ao Sindicato de forma an\u00f4nima, continuar\u00e3o a ser apuradas, mas fora desse programa.<\/li>\n<\/ul>\n<h2>Ass\u00e9dio moral e a organiza\u00e7\u00e3o do trabalho banc\u00e1rio<\/h2>\n<p style=\"text-align: justify;\">O programa de combate ao ass\u00e9dio moral \u00e9 uma conquista dos trabalhadores ap\u00f3s grande mobiliza\u00e7\u00e3o na Campanha Nacional Unificada 2010.<br \/>Trata-se de um acordo aditivo \u00e0 Conven\u00e7\u00e3o Coletiva de Trabalho que tem ades\u00e3o volunt\u00e1ria tanto dos bancos quanto dos sindicatos.<\/p>\n<p><strong>O objetivo \u00e9 alcan\u00e7ar:<\/strong><\/p>\n<ul>\n<li>A valoriza\u00e7\u00e3o de todos os empregados, promovendo o respeito \u00e0 diversidade, \u00e0 coopera\u00e7\u00e3o e ao trabalho em equipe;<\/li>\n<li>A conscientiza\u00e7\u00e3o dos empregados sobre a necessidade de constru\u00e7\u00e3o de um ambiente de trabalho saud\u00e1vel;<\/li>\n<li>A promo\u00e7\u00e3o de valores \u00e9ticos, morais e legais.<\/li>\n<\/ul>\n<p><strong>Bancos e sindicatos que assinam este acordo comprometem-se a:<\/strong><\/p>\n<ul>\n<li>Declarar explicitamente condena\u00e7\u00e3o a qualquer ato de ass\u00e9dio;<\/li>\n<li>Disponibilizar canal espec\u00edfico para encaminhamento de den\u00fancias, reclama\u00e7\u00f5es, sugest\u00f5es e pedidos de esclarecimento, pelos seus empregados;<\/li>\n<li>Fazer avalia\u00e7\u00e3o semestral do programa, atrav\u00e9s de reuni\u00f5es entre a representa\u00e7\u00e3o sindical dos banc\u00e1rios e a representa\u00e7\u00e3o dos bancos, com apresenta\u00e7\u00e3o, pela federa\u00e7\u00e3o dos bancos (Fenaban), de dados estat\u00edsticos setoriais, devendo ser criados indicadores que avaliem o desempenho do programa; considerar habilidades comportamentais, de lideran\u00e7a e de relacionamento interpessoal como crit\u00e9rios de promo\u00e7\u00e3o para cargos de gest\u00e3o de pessoas.<\/li>\n<\/ul>\n<p><strong>Voc\u00ea sabe exatamente o que \u00e9 ass\u00e9dio moral?<\/strong><\/p>\n<p style=\"text-align: justify;\">Chamar a todos de incompetentes, sobrecarregar de trabalho ou impedir a continuidade do trabalho negando informa\u00e7\u00f5es, desmoralizar publicamente afirmando que tudo est\u00e1 errado&#8230;<\/p>\n<p style=\"text-align: justify;\">\u00c9 praticado pelos chefes contra seus subordinados. S\u00e3o condutas desumanas e sem nenhuma \u00e9tica. Humilha\u00e7\u00e3o repetitiva e de longa dura\u00e7\u00e3o que interfere na vida do trabalhador de modo direto, comprometendo sua identidade, dignidade e rela\u00e7\u00f5es afetivas e sociais.<\/p>\n<p style=\"text-align: justify;\">Tudo isso ocasiona graves danos \u00e0 sa\u00fade f\u00edsica e mental, que podem evoluir para a incapacidade para o trabalho, desemprego ou mesmo a morte. Essa humilha\u00e7\u00e3o corresponde ao sentimento de ser ofendido\/a, menosprezado\/a, rebaixado\/a, constrangido\/a e ultrajado\/a pelo outro\/a. Provoca m\u00e1goa, revolta, vergonha, indigna\u00e7\u00e3o, raiva.<\/p>\n<p style=\"text-align: justify;\">A viol\u00eancia moral no trabalho \u00e9 identificada por atitudes como, por exemplo, iniciar reuni\u00f5es amedrontando quanto ao desemprego ou amea\u00e7ar constantemente com a demiss\u00e3o, subir na mesa e chamar a todos de incompetentes, sobrecarregar de trabalho ou impedir a continuidade do trabalho negando informa\u00e7\u00f5es, desmoralizar publicamente afirmando que tudo est\u00e1 errado, afirmar que seu trabalho \u00e9 desnecess\u00e1rio \u00e0 empresa, rir \u00e0 dist\u00e2ncia e em pequeno grupo, conversar baixinho, suspirar e executar gestos direcionado-os ao trabalhador, n\u00e3o cumprimentar e impedir os colegas de almo\u00e7arem, cumprimentarem ou conversarem com a v\u00edtima, mesmo que a conversa esteja relacionada \u00e0 tarefa.<\/p>\n<p style=\"text-align: justify;\">Tamb\u00e9m pode ser caso de ass\u00e9dio moral desviar da fun\u00e7\u00e3o sem justificativa, exigir que fa\u00e7a hor\u00e1rios fora da jornada, mandar executar tarefas acima ou abaixo do conhecimento do trabalhador, hostilizar, sugerir que pe\u00e7a demiss\u00e3o por sua sa\u00fade, divulgar boatos sobre sua moral.<\/p>\n<p style=\"text-align: justify;\">Outros casos que n\u00e3o devem ser admitidos referem-se a discrimina\u00e7\u00e3o por sexo: promover apenas os homens, diferenciar o sal\u00e1rio entre homens e mulheres que desempenham a mesma fun\u00e7\u00e3o, fazer reuni\u00e3o com todas as mulheres e exigir que n\u00e3o engravidem para evitar preju\u00edzos na produ\u00e7\u00e3o, mandar limpar banheiro, fazer cafezinho, limpar o local de trabalho (sendo que foram contratadas para o desempenho de outra fun\u00e7\u00e3o). Ou receber advert\u00eancia em conseq\u00fc\u00eancia de atestado m\u00e9dico ou ainda porque reclamou direitos.<\/p>\n<p>&nbsp;<\/p>\n<p>&nbsp;<\/p>\n<p>[\/et_pb_text][\/et_pb_column][\/et_pb_row][\/et_pb_section]<\/p>\n","protected":false},"excerpt":{"rendered":"<p class=\"excerpt\">Seu nome Seu e-mail Sexo MasculinoFeminino DDD +&#8230;<\/p>\n","protected":false},"author":1,"featured_media":376,"parent":0,"menu_order":0,"comment_status":"closed","ping_status":"closed","template":"","meta":{"_et_pb_use_builder":"on","_et_pb_old_content":"","_et_gb_content_width":"","footnotes":""},"class_list":["post-681","page","type-page","status-publish","has-post-thumbnail","hentry"],"_links":{"self":[{"href":"https:\/\/sjcbancarios.com.br\/site\/wp-json\/wp\/v2\/pages\/681","targetHints":{"allow":["GET"]}}],"collection":[{"href":"https:\/\/sjcbancarios.com.br\/site\/wp-json\/wp\/v2\/pages"}],"about":[{"href":"https:\/\/sjcbancarios.com.br\/site\/wp-json\/wp\/v2\/types\/page"}],"author":[{"embeddable":true,"href":"https:\/\/sjcbancarios.com.br\/site\/wp-json\/wp\/v2\/users\/1"}],"replies":[{"embeddable":true,"href":"https:\/\/sjcbancarios.com.br\/site\/wp-json\/wp\/v2\/comments?post=681"}],"version-history":[{"count":3,"href":"https:\/\/sjcbancarios.com.br\/site\/wp-json\/wp\/v2\/pages\/681\/revisions"}],"predecessor-version":[{"id":20365,"href":"https:\/\/sjcbancarios.com.br\/site\/wp-json\/wp\/v2\/pages\/681\/revisions\/20365"}],"wp:featuredmedia":[{"embeddable":true,"href":"https:\/\/sjcbancarios.com.br\/site\/wp-json\/wp\/v2\/media\/376"}],"wp:attachment":[{"href":"https:\/\/sjcbancarios.com.br\/site\/wp-json\/wp\/v2\/media?parent=681"}],"curies":[{"name":"wp","href":"https:\/\/api.w.org\/{rel}","templated":true}]}}