{"id":650,"date":"2017-12-12T11:05:49","date_gmt":"2017-12-12T13:05:49","guid":{"rendered":"http:\/\/sjcbancarios.com.br\/site\/?page_id=650"},"modified":"2026-01-06T11:29:05","modified_gmt":"2026-01-06T14:29:05","slug":"salao-de-festas","status":"publish","type":"page","link":"https:\/\/sjcbancarios.com.br\/site\/salao-de-festas\/","title":{"rendered":"Sal\u00e3o de Festas"},"content":{"rendered":"<p style=\"text-align: justify;\">Construido em Outubro de 2001, o sal\u00e3o de festas, tem uma \u00e1rea de 340 metros quadrados e oferece at\u00e9 300 lugares na \u00e1rea interna, pode ser reservado pelos associados para realiza\u00e7\u00e3o de festas.<\/p>\n<p style=\"text-align: justify;\">Com arquitetura no estilo country, o Sal\u00e3o de Festas possui palco para a apresenta\u00e7\u00e3o de conjuntos musicais, copa integrada, churrasqueira e uma varanda que comporta at\u00e9 30 mesas.<br \/>\nSe voc\u00ea est\u00e1 organizando uma festa de anivers\u00e1rio, casamento ou outra festa, entre em contato com o Sindicato.<\/p>\n<p style=\"text-align: justify;\"><strong>Veja fotos do Sal\u00e3o de Festas:<\/strong><\/p>\n\n\t\t<style type=\"text\/css\">\n\t\t\t#gallery-1 {\n\t\t\t\tmargin: auto;\n\t\t\t}\n\t\t\t#gallery-1 .gallery-item {\n\t\t\t\tfloat: left;\n\t\t\t\tmargin-top: 10px;\n\t\t\t\ttext-align: center;\n\t\t\t\twidth: 33%;\n\t\t\t}\n\t\t\t#gallery-1 img {\n\t\t\t\tborder: 2px solid #cfcfcf;\n\t\t\t}\n\t\t\t#gallery-1 .gallery-caption {\n\t\t\t\tmargin-left: 0;\n\t\t\t}\n\t\t\t\/* see gallery_shortcode() in wp-includes\/media.php *\/\n\t\t<\/style>\n\t\t<div id='gallery-1' class='gallery galleryid-650 gallery-columns-3 gallery-size-medium'><dl class='gallery-item'>\n\t\t\t<dt class='gallery-icon landscape'>\n\t\t\t\t<a href='https:\/\/sjcbancarios.com.br\/site\/wp-content\/uploads\/2021\/11\/salaodefestas2021-1.jpg'><img loading=\"lazy\" decoding=\"async\" width=\"450\" height=\"300\" src=\"https:\/\/sjcbancarios.com.br\/site\/wp-content\/uploads\/2021\/11\/salaodefestas2021-1-450x300.jpg\" class=\"attachment-medium size-medium\" alt=\"\" srcset=\"https:\/\/sjcbancarios.com.br\/site\/wp-content\/uploads\/2021\/11\/salaodefestas2021-1-450x300.jpg 450w, https:\/\/sjcbancarios.com.br\/site\/wp-content\/uploads\/2021\/11\/salaodefestas2021-1-768x512.jpg 768w, https:\/\/sjcbancarios.com.br\/site\/wp-content\/uploads\/2021\/11\/salaodefestas2021-1-24x16.jpg 24w, https:\/\/sjcbancarios.com.br\/site\/wp-content\/uploads\/2021\/11\/salaodefestas2021-1-36x24.jpg 36w, https:\/\/sjcbancarios.com.br\/site\/wp-content\/uploads\/2021\/11\/salaodefestas2021-1-48x32.jpg 48w, https:\/\/sjcbancarios.com.br\/site\/wp-content\/uploads\/2021\/11\/salaodefestas2021-1-272x182.jpg 272w, https:\/\/sjcbancarios.com.br\/site\/wp-content\/uploads\/2021\/11\/salaodefestas2021-1.jpg 1000w\" sizes=\"(max-width: 450px) 100vw, 450px\" \/><\/a>\n\t\t\t<\/dt><\/dl><dl class='gallery-item'>\n\t\t\t<dt class='gallery-icon landscape'>\n\t\t\t\t<a href='https:\/\/sjcbancarios.com.br\/site\/wp-content\/uploads\/2021\/11\/salaodefestas2021-2.jpg'><img loading=\"lazy\" decoding=\"async\" width=\"400\" height=\"300\" src=\"https:\/\/sjcbancarios.com.br\/site\/wp-content\/uploads\/2021\/11\/salaodefestas2021-2-400x300.jpg\" class=\"attachment-medium size-medium\" alt=\"\" srcset=\"https:\/\/sjcbancarios.com.br\/site\/wp-content\/uploads\/2021\/11\/salaodefestas2021-2-400x300.jpg 400w, https:\/\/sjcbancarios.com.br\/site\/wp-content\/uploads\/2021\/11\/salaodefestas2021-2-768x576.jpg 768w, https:\/\/sjcbancarios.com.br\/site\/wp-content\/uploads\/2021\/11\/salaodefestas2021-2-24x18.jpg 24w, https:\/\/sjcbancarios.com.br\/site\/wp-content\/uploads\/2021\/11\/salaodefestas2021-2-36x27.jpg 36w, https:\/\/sjcbancarios.com.br\/site\/wp-content\/uploads\/2021\/11\/salaodefestas2021-2-48x36.jpg 48w, https:\/\/sjcbancarios.com.br\/site\/wp-content\/uploads\/2021\/11\/salaodefestas2021-2.jpg 1024w\" sizes=\"(max-width: 400px) 100vw, 400px\" \/><\/a>\n\t\t\t<\/dt><\/dl><dl class='gallery-item'>\n\t\t\t<dt class='gallery-icon landscape'>\n\t\t\t\t<a href='https:\/\/sjcbancarios.com.br\/site\/wp-content\/uploads\/2021\/11\/Clube-de-Campo-visto-de-cima-21.jpg'><img loading=\"lazy\" decoding=\"async\" width=\"450\" height=\"300\" src=\"https:\/\/sjcbancarios.com.br\/site\/wp-content\/uploads\/2021\/11\/Clube-de-Campo-visto-de-cima-21-450x300.jpg\" class=\"attachment-medium size-medium\" alt=\"\" srcset=\"https:\/\/sjcbancarios.com.br\/site\/wp-content\/uploads\/2021\/11\/Clube-de-Campo-visto-de-cima-21-450x300.jpg 450w, https:\/\/sjcbancarios.com.br\/site\/wp-content\/uploads\/2021\/11\/Clube-de-Campo-visto-de-cima-21-768x512.jpg 768w, https:\/\/sjcbancarios.com.br\/site\/wp-content\/uploads\/2021\/11\/Clube-de-Campo-visto-de-cima-21-24x16.jpg 24w, https:\/\/sjcbancarios.com.br\/site\/wp-content\/uploads\/2021\/11\/Clube-de-Campo-visto-de-cima-21-36x24.jpg 36w, https:\/\/sjcbancarios.com.br\/site\/wp-content\/uploads\/2021\/11\/Clube-de-Campo-visto-de-cima-21-48x32.jpg 48w, https:\/\/sjcbancarios.com.br\/site\/wp-content\/uploads\/2021\/11\/Clube-de-Campo-visto-de-cima-21-272x182.jpg 272w, https:\/\/sjcbancarios.com.br\/site\/wp-content\/uploads\/2021\/11\/Clube-de-Campo-visto-de-cima-21.jpg 1000w\" sizes=\"(max-width: 450px) 100vw, 450px\" \/><\/a>\n\t\t\t<\/dt><\/dl><br style=\"clear: both\" \/><dl class='gallery-item'>\n\t\t\t<dt class='gallery-icon landscape'>\n\t\t\t\t<a href='https:\/\/sjcbancarios.com.br\/site\/wp-content\/uploads\/2021\/11\/Clube-de-Campo-visto-de-cima-11.jpg'><img loading=\"lazy\" decoding=\"async\" width=\"450\" height=\"300\" src=\"https:\/\/sjcbancarios.com.br\/site\/wp-content\/uploads\/2021\/11\/Clube-de-Campo-visto-de-cima-11-450x300.jpg\" class=\"attachment-medium size-medium\" alt=\"\" srcset=\"https:\/\/sjcbancarios.com.br\/site\/wp-content\/uploads\/2021\/11\/Clube-de-Campo-visto-de-cima-11-450x300.jpg 450w, https:\/\/sjcbancarios.com.br\/site\/wp-content\/uploads\/2021\/11\/Clube-de-Campo-visto-de-cima-11-768x512.jpg 768w, https:\/\/sjcbancarios.com.br\/site\/wp-content\/uploads\/2021\/11\/Clube-de-Campo-visto-de-cima-11-24x16.jpg 24w, https:\/\/sjcbancarios.com.br\/site\/wp-content\/uploads\/2021\/11\/Clube-de-Campo-visto-de-cima-11-36x24.jpg 36w, https:\/\/sjcbancarios.com.br\/site\/wp-content\/uploads\/2021\/11\/Clube-de-Campo-visto-de-cima-11-48x32.jpg 48w, https:\/\/sjcbancarios.com.br\/site\/wp-content\/uploads\/2021\/11\/Clube-de-Campo-visto-de-cima-11-272x182.jpg 272w, https:\/\/sjcbancarios.com.br\/site\/wp-content\/uploads\/2021\/11\/Clube-de-Campo-visto-de-cima-11.jpg 1000w\" sizes=\"(max-width: 450px) 100vw, 450px\" \/><\/a>\n\t\t\t<\/dt><\/dl><dl class='gallery-item'>\n\t\t\t<dt class='gallery-icon landscape'>\n\t\t\t\t<a href='https:\/\/sjcbancarios.com.br\/site\/wp-content\/uploads\/2021\/11\/Clube-de-Campo-visto-de-cima-14.jpg'><img loading=\"lazy\" decoding=\"async\" width=\"450\" height=\"300\" src=\"https:\/\/sjcbancarios.com.br\/site\/wp-content\/uploads\/2021\/11\/Clube-de-Campo-visto-de-cima-14-450x300.jpg\" class=\"attachment-medium size-medium\" alt=\"\" srcset=\"https:\/\/sjcbancarios.com.br\/site\/wp-content\/uploads\/2021\/11\/Clube-de-Campo-visto-de-cima-14-450x300.jpg 450w, https:\/\/sjcbancarios.com.br\/site\/wp-content\/uploads\/2021\/11\/Clube-de-Campo-visto-de-cima-14-768x512.jpg 768w, https:\/\/sjcbancarios.com.br\/site\/wp-content\/uploads\/2021\/11\/Clube-de-Campo-visto-de-cima-14-24x16.jpg 24w, https:\/\/sjcbancarios.com.br\/site\/wp-content\/uploads\/2021\/11\/Clube-de-Campo-visto-de-cima-14-36x24.jpg 36w, https:\/\/sjcbancarios.com.br\/site\/wp-content\/uploads\/2021\/11\/Clube-de-Campo-visto-de-cima-14-48x32.jpg 48w, https:\/\/sjcbancarios.com.br\/site\/wp-content\/uploads\/2021\/11\/Clube-de-Campo-visto-de-cima-14-272x182.jpg 272w, https:\/\/sjcbancarios.com.br\/site\/wp-content\/uploads\/2021\/11\/Clube-de-Campo-visto-de-cima-14.jpg 1000w\" sizes=\"(max-width: 450px) 100vw, 450px\" \/><\/a>\n\t\t\t<\/dt><\/dl><dl class='gallery-item'>\n\t\t\t<dt class='gallery-icon landscape'>\n\t\t\t\t<a href='https:\/\/sjcbancarios.com.br\/site\/wp-content\/uploads\/2021\/11\/salaodefestas2021-3.jpg'><img loading=\"lazy\" decoding=\"async\" width=\"450\" height=\"300\" src=\"https:\/\/sjcbancarios.com.br\/site\/wp-content\/uploads\/2021\/11\/salaodefestas2021-3-450x300.jpg\" class=\"attachment-medium size-medium\" alt=\"\" srcset=\"https:\/\/sjcbancarios.com.br\/site\/wp-content\/uploads\/2021\/11\/salaodefestas2021-3-450x300.jpg 450w, https:\/\/sjcbancarios.com.br\/site\/wp-content\/uploads\/2021\/11\/salaodefestas2021-3-768x512.jpg 768w, https:\/\/sjcbancarios.com.br\/site\/wp-content\/uploads\/2021\/11\/salaodefestas2021-3-24x16.jpg 24w, https:\/\/sjcbancarios.com.br\/site\/wp-content\/uploads\/2021\/11\/salaodefestas2021-3-36x24.jpg 36w, https:\/\/sjcbancarios.com.br\/site\/wp-content\/uploads\/2021\/11\/salaodefestas2021-3-48x32.jpg 48w, https:\/\/sjcbancarios.com.br\/site\/wp-content\/uploads\/2021\/11\/salaodefestas2021-3-272x182.jpg 272w, https:\/\/sjcbancarios.com.br\/site\/wp-content\/uploads\/2021\/11\/salaodefestas2021-3.jpg 1000w\" sizes=\"(max-width: 450px) 100vw, 450px\" \/><\/a>\n\t\t\t<\/dt><\/dl><br style=\"clear: both\" \/>\n\t\t<\/div>\n\n<p><span style=\"font-size: 20px;\">NORMAS PARA UTILIZA\u00c7\u00c3O DO SAL\u00c3O DE FESTAS<\/span><\/p>\n<p><strong>HOR\u00c1RIO M\u00c1XIMO PERMITIDO PARA FESTAS<\/strong><br \/>\n* Das 20:00h \u00e0s 2:00h do dia seguinte;<br \/>\n* O Sal\u00e3o fica dispon\u00edvel a partir das 9:00h para o locat\u00e1rio organizar o evento;<br \/>\n* Domingo o limite de uso \u00e9 at\u00e9 \u00e0s 21:00h;<\/p>\n<p><strong>VALORES:<\/strong><br \/>\n&#8211; <strong>Aluguel para sindicalizados:<\/strong> R$ 810,50<br \/>\n&#8211; <strong>N\u00e3o s\u00f3cios<\/strong>: R$ 2.500,00<br \/>\n&#8211; <strong>S\u00f3cio particular e aposentados: <\/strong>R$ 1.621,00<br \/>\n&#8211; <strong>Festa confraterniza\u00e7\u00e3o de ag\u00eancias<\/strong>: R$ 810,50<\/p>\n<p><strong>FORMAS DE PAGAMENTO<\/strong><br \/>\n* \u00c0 vista;<br \/>\n* Em duas vezes, sendo 50% do valor no ato da reserva e o restante com cheque pr\u00e9-datado (a data de vencimento do cheque n\u00e3o pode ultrapassar o 15\u00ba dia que antecede o evento);<\/p>\n<p><strong>CHEQUE CAU\u00c7\u00c3O<\/strong><br \/>\n* Associado ou n\u00e3o, o locat\u00e1rio dever\u00e1 fornecer um cheque cau\u00e7\u00e3o no valor de R$ 400,00, que poder\u00e1 ser resgatado em tr\u00eas dias \u00fateis ap\u00f3s o evento.<\/p>\n<p><strong>PER\u00cdODO DE LOCA\u00c7\u00c3O<\/strong><br \/>\n* O per\u00edodo de loca\u00e7\u00e3o \u00e9 de seis horas;<\/p>\n<p><strong>OBSERVA\u00c7\u00d5ES<\/strong><br \/>\n* O espa\u00e7o tem capacidade para 300 convidados;<br \/>\n* O Sal\u00e3o possui mesas, cadeiras, dois freezers, ventiladores de parede, churrasqueira, fog\u00e3o industrial (g\u00e1s por conta do locat\u00e1rio, e banheiro equipado com papel toalha, papel higi\u00eanico e sabonete l\u00edquido;<\/p>\n<p><strong>RESERVAS<\/strong><br \/>\n* As reservas devem ser feitas com o m\u00e1ximo de anteced\u00eancia poss\u00edvel, atrav\u00e9s do telefone (12) 3943-0660 ou na sede do Sindicato.<\/p>\n<p><strong>ENDERE\u00c7O<\/strong><br \/>\nO Sal\u00e3o de Festa dos Banc\u00e1rios fica localizado \u00e1 Estrada Vargem Grande, s\/n &#8211; Vargem Grande, (a 1 km antes do Clube Luso Brasileiro).<\/p>\n<p>&nbsp;<\/p>\n<p>&nbsp;<\/p>\n","protected":false},"excerpt":{"rendered":"<p class=\"excerpt\">Construido em Outubro de 2001, o sal\u00e3o de festas, tem uma \u00e1rea de 340 metros quadrados e oferece at\u00e9 300 lugares na \u00e1rea interna, pode ser reservado pelos associados para realiza\u00e7\u00e3o de festas. Com arquitetura no estilo country, o Sal\u00e3o de Festas possui palco para a apresenta\u00e7\u00e3o de conjuntos musicais, copa integrada, churrasqueira e uma [&hellip;]<\/p>\n","protected":false},"author":1,"featured_media":14891,"parent":0,"menu_order":0,"comment_status":"closed","ping_status":"closed","template":"","meta":{"_et_pb_use_builder":"","_et_pb_old_content":"","_et_gb_content_width":"","footnotes":""},"class_list":["post-650","page","type-page","status-publish","has-post-thumbnail","hentry"],"_links":{"self":[{"href":"https:\/\/sjcbancarios.com.br\/site\/wp-json\/wp\/v2\/pages\/650","targetHints":{"allow":["GET"]}}],"collection":[{"href":"https:\/\/sjcbancarios.com.br\/site\/wp-json\/wp\/v2\/pages"}],"about":[{"href":"https:\/\/sjcbancarios.com.br\/site\/wp-json\/wp\/v2\/types\/page"}],"author":[{"embeddable":true,"href":"https:\/\/sjcbancarios.com.br\/site\/wp-json\/wp\/v2\/users\/1"}],"replies":[{"embeddable":true,"href":"https:\/\/sjcbancarios.com.br\/site\/wp-json\/wp\/v2\/comments?post=650"}],"version-history":[{"count":0,"href":"https:\/\/sjcbancarios.com.br\/site\/wp-json\/wp\/v2\/pages\/650\/revisions"}],"wp:featuredmedia":[{"embeddable":true,"href":"https:\/\/sjcbancarios.com.br\/site\/wp-json\/wp\/v2\/media\/14891"}],"wp:attachment":[{"href":"https:\/\/sjcbancarios.com.br\/site\/wp-json\/wp\/v2\/media?parent=650"}],"curies":[{"name":"wp","href":"https:\/\/api.w.org\/{rel}","templated":true}]}}