{"id":3201,"date":"2018-02-22T16:10:10","date_gmt":"2018-02-22T19:10:10","guid":{"rendered":"http:\/\/sjcbancarios.com.br\/site\/?page_id=3201"},"modified":"2018-02-22T17:15:37","modified_gmt":"2018-02-22T20:15:37","slug":"em-caso-de-demissao-procure-o-sindicato-imediatamente-antes-de-homologar","status":"publish","type":"page","link":"https:\/\/sjcbancarios.com.br\/site\/em-caso-de-demissao-procure-o-sindicato-imediatamente-antes-de-homologar\/","title":{"rendered":"Em caso de demiss\u00e3o procure o sindicato imediatamente antes de homologar"},"content":{"rendered":"<p style=\"text-align: justify;\">As homologa\u00e7\u00f5es feitas no banco s\u00e3o uma forma de pressionar o funcion\u00e1rio a assinar algum termo para dar quita\u00e7\u00e3o ao banco de direitos trabalhistas que poderiam ser exigidos na justi\u00e7a.<\/p>\n<p style=\"text-align: justify;\">Os bancos est\u00e3o atropelando o Acordo Coletivo e impondo que os banc\u00e1rios demitidos fa\u00e7am a homologa\u00e7\u00e3o e o CCV (Extra Judicial) fora do Sindicato aplicando a reforma trabalhista que s\u00f3 prejudica os trabalhadores. Ao ser dispensado entre em contato imediatamente com o Sindicato.<\/p>\n<blockquote>\n<p style=\"text-align: justify;\">Denuncie tentativas de homologa\u00e7\u00e3o e CCV no banco, para que o Sindicato e o jur\u00eddico possam acompanhar o caso e inclusive avaliar se cabe alguma a\u00e7\u00e3o, pelo telefone (12) 3943.0660, canal Fale Conosco ou contate um de nossos diretores.<\/p>\n<\/blockquote>\n","protected":false},"excerpt":{"rendered":"<p class=\"excerpt\">As homologa\u00e7\u00f5es feitas no banco s\u00e3o uma forma de pressionar o funcion\u00e1rio a assinar algum termo para dar quita\u00e7\u00e3o ao banco de direitos trabalhistas que poderiam ser exigidos na justi\u00e7a. Os bancos est\u00e3o atropelando o Acordo Coletivo e impondo que os banc\u00e1rios demitidos fa\u00e7am a homologa\u00e7\u00e3o e o CCV (Extra Judicial) fora do Sindicato aplicando [&hellip;]<\/p>\n","protected":false},"author":1,"featured_media":0,"parent":0,"menu_order":0,"comment_status":"closed","ping_status":"closed","template":"","meta":{"_et_pb_use_builder":"","_et_pb_old_content":"","_et_gb_content_width":"","footnotes":""},"class_list":["post-3201","page","type-page","status-publish","hentry"],"_links":{"self":[{"href":"https:\/\/sjcbancarios.com.br\/site\/wp-json\/wp\/v2\/pages\/3201","targetHints":{"allow":["GET"]}}],"collection":[{"href":"https:\/\/sjcbancarios.com.br\/site\/wp-json\/wp\/v2\/pages"}],"about":[{"href":"https:\/\/sjcbancarios.com.br\/site\/wp-json\/wp\/v2\/types\/page"}],"author":[{"embeddable":true,"href":"https:\/\/sjcbancarios.com.br\/site\/wp-json\/wp\/v2\/users\/1"}],"replies":[{"embeddable":true,"href":"https:\/\/sjcbancarios.com.br\/site\/wp-json\/wp\/v2\/comments?post=3201"}],"version-history":[{"count":0,"href":"https:\/\/sjcbancarios.com.br\/site\/wp-json\/wp\/v2\/pages\/3201\/revisions"}],"wp:attachment":[{"href":"https:\/\/sjcbancarios.com.br\/site\/wp-json\/wp\/v2\/media?parent=3201"}],"curies":[{"name":"wp","href":"https:\/\/api.w.org\/{rel}","templated":true}]}}