{"id":2448,"date":"2018-01-28T14:23:46","date_gmt":"2018-01-28T16:23:46","guid":{"rendered":"http:\/\/sjcbancarios.com.br\/site\/?page_id=2448"},"modified":"2018-02-16T16:12:35","modified_gmt":"2018-02-16T18:12:35","slug":"fale-conosco","status":"publish","type":"page","link":"https:\/\/sjcbancarios.com.br\/site\/fale-conosco\/","title":{"rendered":"Fale Conosco"},"content":{"rendered":"<hr \/>\n<div class=\"caldera-grid\" id=\"caldera_form_1\" data-cf-ver=\"1.9.4\" data-cf-form-id=\"CF5a6cbb4642d03\"><div id=\"caldera_notices_1\" data-spinner=\"https:\/\/sjcbancarios.com.br\/site\/wp-admin\/images\/spinner.gif\"><\/div><form data-instance=\"1\" class=\"CF5a6cbb4642d03 caldera_forms_form cfajax-trigger\" method=\"POST\" enctype=\"multipart\/form-data\" id=\"CF5a6cbb4642d03_1\" data-form-id=\"CF5a6cbb4642d03\" aria-label=\"Fale Conosco\" data-target=\"#caldera_notices_1\" data-template=\"#cfajax_CF5a6cbb4642d03-tmpl\" data-cfajax=\"CF5a6cbb4642d03\" data-load-element=\"_parent\" data-load-class=\"cf_processing\" data-post-disable=\"0\" data-action=\"cf_process_ajax_submit\" data-request=\"https:\/\/sjcbancarios.com.br\/site\/cf-api\/CF5a6cbb4642d03\" data-hiderows=\"true\">\r\n<input type=\"hidden\" id=\"_cf_verify_CF5a6cbb4642d03\" name=\"_cf_verify\" value=\"ce2a3e3062\"  data-nonce-time=\"1777046704\" \/><input type=\"hidden\" name=\"_wp_http_referer\" value=\"\/site\/wp-json\/wp\/v2\/pages\/2448\" \/><div id=\"cf2-CF5a6cbb4642d03_1\"><\/div><input type=\"hidden\" name=\"_cf_frm_id\" value=\"CF5a6cbb4642d03\">\r\n<input type=\"hidden\" name=\"_cf_frm_ct\" value=\"1\">\r\n<input type=\"hidden\" name=\"cfajax\" value=\"CF5a6cbb4642d03\">\r\n<input type=\"hidden\" name=\"_cf_cr_pst\" value=\"2448\">\r\n<div class=\"hide\" style=\"display:none; overflow:hidden;height:0;width:0;\">\r\n<label>Phone<\/label><input type=\"text\" name=\"phone\" value=\"\" autocomplete=\"off\">\r\n<\/div><div id=\"CF5a6cbb4642d03_1-row-1\"  class=\"row  first_row\"><div  class=\"col-sm-6  first_col\"><div data-field-wrapper=\"fld_8768091\" class=\"form-group\" id=\"fld_8768091_1-wrap\">\r\n\t<label id=\"fld_8768091Label\" for=\"fld_8768091_1\" class=\"control-label\">Nome <span aria-hidden=\"true\" role=\"presentation\" class=\"field_required\" style=\"color:#ee0000;\">*<\/span><\/label>\r\n\t<div class=\"\">\r\n\t\t<input   required type=\"text\" data-field=\"fld_8768091\" class=\" form-control\" id=\"fld_8768091_1\" name=\"fld_8768091\" value=\"\" data-type=\"text\" aria-required=\"true\"   aria-labelledby=\"fld_8768091Label\" >\t\t\t<\/div>\r\n<\/div>\r\n<\/div><div  class=\"col-sm-6  last_col\"><div data-field-wrapper=\"fld_6009157\" class=\"form-group\" id=\"fld_6009157_1-wrap\">\r\n\t<label id=\"fld_6009157Label\" for=\"fld_6009157_1\" class=\"control-label\">Endere\u00e7o de Email <span aria-hidden=\"true\" role=\"presentation\" class=\"field_required\" style=\"color:#ee0000;\">*<\/span><\/label>\r\n\t<div class=\"\">\r\n\t\t<input   required type=\"email\" data-field=\"fld_6009157\" class=\" form-control\" id=\"fld_6009157_1\" name=\"fld_6009157\" value=\"\" data-type=\"email\" aria-required=\"true\"   aria-labelledby=\"fld_6009157Label\" >\t\t\t<\/div>\r\n<\/div>\r\n<\/div><\/div><div id=\"CF5a6cbb4642d03_1-row-2\"  class=\"row \"><div  class=\"col-sm-6  first_col\"><div data-field-wrapper=\"fld_3909702\" class=\"form-group\" id=\"fld_3909702_1-wrap\">\r\n\t<label id=\"fld_3909702Label\" for=\"fld_3909702_1\" class=\"control-label\">DDD + Telefone<\/label>\r\n\t<div class=\"\">\r\n\t\t<input  data-inputmask=\"'mask': '(99)9999-9999'\"   type=\"phone\" data-field=\"fld_3909702\" class=\" form-control\" id=\"fld_3909702_1\" name=\"fld_3909702\" value=\"\" data-type=\"phone\"   aria-labelledby=\"fld_3909702Label\" >\t\t\t<\/div>\r\n<\/div>\r\n<\/div><div  class=\"col-sm-6  last_col\"><div data-field-wrapper=\"fld_231596\" class=\"form-group\" id=\"fld_231596_1-wrap\">\r\n\t<label id=\"fld_231596Label\" for=\"fld_231596_1\" class=\"control-label\">DDD + Celular <span aria-hidden=\"true\" role=\"presentation\" class=\"field_required\" style=\"color:#ee0000;\">*<\/span><\/label>\r\n\t<div class=\"\">\r\n\t\t<input  data-inputmask=\"'mask': '(99)99999-9999'\"  required type=\"phone\" data-field=\"fld_231596\" class=\" form-control\" id=\"fld_231596_1\" name=\"fld_231596\" value=\"\" data-type=\"phone\" aria-required=\"true\"   aria-labelledby=\"fld_231596Label\" >\t\t\t<\/div>\r\n<\/div>\r\n<\/div><\/div><div id=\"CF5a6cbb4642d03_1-row-3\"  class=\"row \"><div  class=\"col-sm-12  single\"><div data-field-wrapper=\"fld_3244612\" class=\"form-group\" id=\"fld_3244612_1-wrap\">\r\n<label id=\"fld_3244612Label\" for=\"fld_3244612_1\" class=\"control-label\">Deseja receber informa\u00e7\u00f5es atrav\u00e9s de SMS?<\/label>\r\n<div class=\"\">\r\n\t\t\t\t<label class=\"radio-inline\" data-label=\"SIM\" for=\"fld_3244612_1_opt1219205\"><input type=\"radio\" id=\"fld_3244612_1_opt1219205\" data-field=\"fld_3244612\" class=\"fld_3244612_1\" name=\"fld_3244612\" value=\"SIM\" checked=\"checked\"   data-radio-field=\"fld_3244612_1\" data-type=\"radio\" data-calc-value=\"SIM\" \/>\n\t\t\tSIM\t\t<\/label>\n\t\t\t\t\t\t\t\t<label class=\"radio-inline\" data-label=\"N\u00c3O\" for=\"fld_3244612_1_opt1477249\"><input type=\"radio\" id=\"fld_3244612_1_opt1477249\" data-field=\"fld_3244612\" class=\"fld_3244612_1\" name=\"fld_3244612\" value=\"N\u00c3O\"    data-radio-field=\"fld_3244612_1\" data-type=\"radio\" data-calc-value=\"N\u00c3O\" \/>\n\t\t\tN\u00c3O\t\t<\/label>\n\t\t\t\t<\/div>\r\n<\/div>\r\n<\/div><\/div><div id=\"CF5a6cbb4642d03_1-row-4\"  class=\"row \"><div  class=\"col-sm-6  first_col\"><div data-field-wrapper=\"fld_6034010\" class=\"form-group\" id=\"fld_6034010_1-wrap\">\r\n\t<label id=\"fld_6034010Label\" for=\"fld_6034010_1\" class=\"control-label\">Assunto <span aria-hidden=\"true\" role=\"presentation\" class=\"field_required\" style=\"color:#ee0000;\">*<\/span><\/label>\r\n\t<div class=\"\">\r\n\t\t<input   required type=\"text\" data-field=\"fld_6034010\" class=\" form-control\" id=\"fld_6034010_1\" name=\"fld_6034010\" value=\"\" data-type=\"text\" aria-required=\"true\"   aria-labelledby=\"fld_6034010Label\" >\t\t\t<\/div>\r\n<\/div>\r\n<\/div><div  class=\"col-sm-6  last_col\"><\/div><\/div><div id=\"CF5a6cbb4642d03_1-row-5\"  class=\"row \"><div  class=\"col-sm-12  single\"><div data-field-wrapper=\"fld_7683514\" class=\"form-group\" id=\"fld_7683514_1-wrap\">\r\n\t<label id=\"fld_7683514Label\" for=\"fld_7683514_1\" class=\"control-label\">Mensagem <span aria-hidden=\"true\" role=\"presentation\" class=\"field_required\" style=\"color:#ee0000;\">*<\/span><\/label>\r\n\t<div class=\"\">\r\n\t\t<textarea name=\"fld_7683514\" value=\"\" data-field=\"fld_7683514\" class=\"form-control\" id=\"fld_7683514_1\" rows=\"7\"  required=\"required\"  aria-labelledby=\"fld_7683514Label\" ><\/textarea>\n\t\t\t<\/div>\r\n<\/div>\r\n<\/div><\/div><div id=\"CF5a6cbb4642d03_1-row-6\"  class=\"row  last_row\"><div  class=\"col-sm-12  single\"><div data-field-wrapper=\"fld_7908577\" class=\"form-group\" id=\"fld_7908577_1-wrap\">\r\n<div class=\"\">\r\n\t<input  class=\"btn btn-default\" type=\"submit\" name=\"fld_7908577\" id=\"fld_7908577_1\" value=\"Enviar Mensagem\" data-field=\"fld_7908577\"  >\n<\/div>\r\n<\/div>\r\n\t<input class=\"button_trigger_1\" type=\"hidden\" name=\"fld_7908577\" id=\"fld_7908577_1_btn\" value=\"\" data-field=\"fld_7908577\"  \/>\n<\/div><\/div><\/form>\r\n<\/div>\r\n\n<p>&nbsp;<\/p>\n","protected":false},"excerpt":{"rendered":"<p class=\"excerpt\">&nbsp;<\/p>\n","protected":false},"author":1,"featured_media":0,"parent":0,"menu_order":0,"comment_status":"closed","ping_status":"closed","template":"","meta":{"_et_pb_use_builder":"","_et_pb_old_content":"","_et_gb_content_width":"","footnotes":""},"class_list":["post-2448","page","type-page","status-publish","hentry"],"_links":{"self":[{"href":"https:\/\/sjcbancarios.com.br\/site\/wp-json\/wp\/v2\/pages\/2448","targetHints":{"allow":["GET"]}}],"collection":[{"href":"https:\/\/sjcbancarios.com.br\/site\/wp-json\/wp\/v2\/pages"}],"about":[{"href":"https:\/\/sjcbancarios.com.br\/site\/wp-json\/wp\/v2\/types\/page"}],"author":[{"embeddable":true,"href":"https:\/\/sjcbancarios.com.br\/site\/wp-json\/wp\/v2\/users\/1"}],"replies":[{"embeddable":true,"href":"https:\/\/sjcbancarios.com.br\/site\/wp-json\/wp\/v2\/comments?post=2448"}],"version-history":[{"count":0,"href":"https:\/\/sjcbancarios.com.br\/site\/wp-json\/wp\/v2\/pages\/2448\/revisions"}],"wp:attachment":[{"href":"https:\/\/sjcbancarios.com.br\/site\/wp-json\/wp\/v2\/media?parent=2448"}],"curies":[{"name":"wp","href":"https:\/\/api.w.org\/{rel}","templated":true}]}}