{"id":2,"date":"2017-10-23T16:36:58","date_gmt":"2017-10-23T16:36:58","guid":{"rendered":"http:\/\/sjcbancarios.hospedagemdesites.ws\/site\/?page_id=2"},"modified":"2024-08-27T21:23:02","modified_gmt":"2024-08-28T00:23:02","slug":"departamento-juridico","status":"publish","type":"page","link":"https:\/\/sjcbancarios.com.br\/site\/departamento-juridico\/","title":{"rendered":"Departamento Jur\u00eddico"},"content":{"rendered":"<p>O <strong>Departamento Jur\u00eddico<\/strong> do Sindicato dos banc\u00e1rios de S\u00e3o Jos\u00e9 dos Campos e Regi\u00e3o, presta o servi\u00e7o de defesa e manuten\u00e7\u00e3o dos direitos da categoria, e um atendimento de qualidade aos banc\u00e1rios sindicalizados. O corpo jur\u00eddico da entidade sindical \u00e9 formado pelo advogado <strong>Dr. Andr\u00e9 Vinicius de Moraes Sampaio<\/strong> e advogada <strong>Dra. C\u00e9lia Mara Machado Scarpel<\/strong> que atende na sede do sindicato, causas ligadas a \u00e1rea trabalhista.<\/p>\n<p><span style=\"font-size: 20px;\">ACESSE<\/span><br \/>\n[ <a title=\"Consulta de Processos\" href=\"http:\/\/sjcbancarios.com.br\/site\/consulta-de-processos\/\"><span style=\"color: #ff0000;\"><strong>Consulta de Processos<\/strong><\/span><\/a> ]\u00a0\u00a0\u00a0 [ <span style=\"color: #ff0000;\"><strong><a style=\"color: #ff0000;\" title=\"Comiss\u00e3o de Concilia\u00e7\u00e3o Pr\u00e9via\" href=\"http:\/\/sjcbancarios.com.br\/site\/comissao-de-conciliacao-previa\/\">Comiss\u00e3o de Concilia\u00e7\u00e3o Pr\u00e9via<\/a><\/strong><\/span> ]\u00a0 [ <a href=\"https:\/\/sjcbancarios.com.br\/site\/wp-content\/uploads\/2022\/12\/Relacao-CEF-HE.pdf\" target=\"_blank\" rel=\"noopener noreferrer\"><strong><span style=\"color: #ff0000;\">Consulte a listagem aqui!<\/span><\/strong><\/a> ]<\/p>\n<p><strong>Para atendimento jur\u00eddico basta agendar um hor\u00e1rio pelo telefone (12) 3943-0660.<\/strong><br \/>\n<strong>O atendimento \u00e9 feito de segunda \u00e0 sexta-feira, das 09:00 \u00e1s 17:00 na sede do Sindicato.<\/p>\n<p><\/strong><\/p>\n\n\t\t<style type=\"text\/css\">\n\t\t\t#gallery-1 {\n\t\t\t\tmargin: auto;\n\t\t\t}\n\t\t\t#gallery-1 .gallery-item {\n\t\t\t\tfloat: left;\n\t\t\t\tmargin-top: 10px;\n\t\t\t\ttext-align: center;\n\t\t\t\twidth: 50%;\n\t\t\t}\n\t\t\t#gallery-1 img {\n\t\t\t\tborder: 2px solid #cfcfcf;\n\t\t\t}\n\t\t\t#gallery-1 .gallery-caption {\n\t\t\t\tmargin-left: 0;\n\t\t\t}\n\t\t\t\/* see gallery_shortcode() in wp-includes\/media.php *\/\n\t\t<\/style>\n\t\t<div id='gallery-1' class='gallery galleryid-2 gallery-columns-2 gallery-size-full'><dl class='gallery-item'>\n\t\t\t<dt class='gallery-icon portrait'>\n\t\t\t\t<a href='https:\/\/sjcbancarios.com.br\/site\/wp-content\/uploads\/2018\/02\/adv_andre_sampaio.jpg'><img loading=\"lazy\" decoding=\"async\" width=\"650\" height=\"977\" src=\"https:\/\/sjcbancarios.com.br\/site\/wp-content\/uploads\/2018\/02\/adv_andre_sampaio.jpg\" class=\"attachment-full size-full\" alt=\"Dr. Andr\u00e9 Vinicius de Moraes Sampaio\" aria-describedby=\"gallery-1-2908\" srcset=\"https:\/\/sjcbancarios.com.br\/site\/wp-content\/uploads\/2018\/02\/adv_andre_sampaio.jpg 650w, https:\/\/sjcbancarios.com.br\/site\/wp-content\/uploads\/2018\/02\/adv_andre_sampaio-200x300.jpg 200w, https:\/\/sjcbancarios.com.br\/site\/wp-content\/uploads\/2018\/02\/adv_andre_sampaio-16x24.jpg 16w, https:\/\/sjcbancarios.com.br\/site\/wp-content\/uploads\/2018\/02\/adv_andre_sampaio-24x36.jpg 24w, https:\/\/sjcbancarios.com.br\/site\/wp-content\/uploads\/2018\/02\/adv_andre_sampaio-32x48.jpg 32w, https:\/\/sjcbancarios.com.br\/site\/wp-content\/uploads\/2018\/02\/adv_andre_sampaio-600x902.jpg 600w\" sizes=\"(max-width: 650px) 100vw, 650px\" \/><\/a>\n\t\t\t<\/dt>\n\t\t\t\t<dd class='wp-caption-text gallery-caption' id='gallery-1-2908'>\n\t\t\t\tDr. Andr\u00e9 Vinicius de Moraes Sampaio\n\t\t\t\t<\/dd><\/dl><dl class='gallery-item'>\n\t\t\t<dt class='gallery-icon portrait'>\n\t\t\t\t<a href='https:\/\/sjcbancarios.com.br\/site\/wp-content\/uploads\/2018\/02\/adv_celia_scarpel.jpg'><img loading=\"lazy\" decoding=\"async\" width=\"650\" height=\"977\" src=\"https:\/\/sjcbancarios.com.br\/site\/wp-content\/uploads\/2018\/02\/adv_celia_scarpel.jpg\" class=\"attachment-full size-full\" alt=\"Dra. C\u00e9lia Mara Machado Scarpel\" aria-describedby=\"gallery-1-2909\" srcset=\"https:\/\/sjcbancarios.com.br\/site\/wp-content\/uploads\/2018\/02\/adv_celia_scarpel.jpg 650w, https:\/\/sjcbancarios.com.br\/site\/wp-content\/uploads\/2018\/02\/adv_celia_scarpel-200x300.jpg 200w, https:\/\/sjcbancarios.com.br\/site\/wp-content\/uploads\/2018\/02\/adv_celia_scarpel-16x24.jpg 16w, https:\/\/sjcbancarios.com.br\/site\/wp-content\/uploads\/2018\/02\/adv_celia_scarpel-24x36.jpg 24w, https:\/\/sjcbancarios.com.br\/site\/wp-content\/uploads\/2018\/02\/adv_celia_scarpel-32x48.jpg 32w, https:\/\/sjcbancarios.com.br\/site\/wp-content\/uploads\/2018\/02\/adv_celia_scarpel-600x902.jpg 600w\" sizes=\"(max-width: 650px) 100vw, 650px\" \/><\/a>\n\t\t\t<\/dt>\n\t\t\t\t<dd class='wp-caption-text gallery-caption' id='gallery-1-2909'>\n\t\t\t\tDra. C\u00e9lia Mara Machado Scarpel\n\t\t\t\t<\/dd><\/dl><br style=\"clear: both\" \/>\n\t\t<\/div>\n\n<hr \/>\n","protected":false},"excerpt":{"rendered":"<p class=\"excerpt\">O Departamento Jur\u00eddico do Sindicato dos banc\u00e1rios de S\u00e3o Jos\u00e9 dos Campos e Regi\u00e3o, presta o servi\u00e7o de defesa e manuten\u00e7\u00e3o dos direitos da categoria, e um atendimento de qualidade aos banc\u00e1rios sindicalizados. O corpo jur\u00eddico da entidade sindical \u00e9 formado pelo advogado Dr. Andr\u00e9 Vinicius de Moraes Sampaio e advogada Dra. C\u00e9lia Mara Machado [&hellip;]<\/p>\n","protected":false},"author":1,"featured_media":0,"parent":0,"menu_order":0,"comment_status":"closed","ping_status":"closed","template":"","meta":{"_et_pb_use_builder":"","_et_pb_old_content":"","_et_gb_content_width":"","footnotes":""},"class_list":["post-2","page","type-page","status-publish","hentry"],"_links":{"self":[{"href":"https:\/\/sjcbancarios.com.br\/site\/wp-json\/wp\/v2\/pages\/2","targetHints":{"allow":["GET"]}}],"collection":[{"href":"https:\/\/sjcbancarios.com.br\/site\/wp-json\/wp\/v2\/pages"}],"about":[{"href":"https:\/\/sjcbancarios.com.br\/site\/wp-json\/wp\/v2\/types\/page"}],"author":[{"embeddable":true,"href":"https:\/\/sjcbancarios.com.br\/site\/wp-json\/wp\/v2\/users\/1"}],"replies":[{"embeddable":true,"href":"https:\/\/sjcbancarios.com.br\/site\/wp-json\/wp\/v2\/comments?post=2"}],"version-history":[{"count":0,"href":"https:\/\/sjcbancarios.com.br\/site\/wp-json\/wp\/v2\/pages\/2\/revisions"}],"wp:attachment":[{"href":"https:\/\/sjcbancarios.com.br\/site\/wp-json\/wp\/v2\/media?parent=2"}],"curies":[{"name":"wp","href":"https:\/\/api.w.org\/{rel}","templated":true}]}}