{"id":16060,"date":"2022-11-30T14:24:44","date_gmt":"2022-11-30T17:24:44","guid":{"rendered":"https:\/\/sjcbancarios.com.br\/site\/?page_id=16060"},"modified":"2022-11-30T14:24:44","modified_gmt":"2022-11-30T17:24:44","slug":"o-sindicato-agora-na-palma-da-sua-mao","status":"publish","type":"page","link":"https:\/\/sjcbancarios.com.br\/site\/o-sindicato-agora-na-palma-da-sua-mao\/","title":{"rendered":"O Sindicato agora na palma da sua m\u00e3o!"},"content":{"rendered":"<p>Com o novo aplicativo \u201c<strong>sjcbancarios<\/strong>\u201d os associados e dependentes agora tem todos os servi\u00e7os oferecidos pela entidade na palma da m\u00e3o.<\/p>\n<p>A nova ferramenta traz informa\u00e7\u00f5es importantes como Not\u00edcias sobre a categoria, Conven\u00e7\u00e3o Coletiva de Trabalho, Benef\u00edcios, Conv\u00eanios, Clube de Campo e Carteirinha de s\u00f3cio do Sindicato, que vai substituir a de pl\u00e1stico. Pelo app \u201csjcbancarios\u201d o associado ainda tem acesso r\u00e1pido ao Canal \u201cDenuncie\u201d, \u00e0 todos os canais de atendimento do Sindicato e redes sociais. Ainda n\u00e3o \u00e9 S\u00f3cio, baixe o aplicativo e associe-se!<\/p>\n<p><strong>O app pode ser baixado gratuitamente pela PlayStore e AppStore.<\/strong><br \/>\n<strong>Aponte a c\u00e2mera do celular para o QR Code e baixe agora!<\/strong><\/p>\n<p><img loading=\"lazy\" decoding=\"async\" class=\"aligncenter size-full wp-image-16061\" src=\"https:\/\/sjcbancarios.com.br\/site\/wp-content\/uploads\/2022\/11\/QRCODE-aplicativo-sindicato-bancarios.jpg\" alt=\"APP Sindicato dos Banc\u00e1rios\" width=\"1350\" height=\"845\" srcset=\"https:\/\/sjcbancarios.com.br\/site\/wp-content\/uploads\/2022\/11\/QRCODE-aplicativo-sindicato-bancarios.jpg 1350w, https:\/\/sjcbancarios.com.br\/site\/wp-content\/uploads\/2022\/11\/QRCODE-aplicativo-sindicato-bancarios-450x282.jpg 450w, https:\/\/sjcbancarios.com.br\/site\/wp-content\/uploads\/2022\/11\/QRCODE-aplicativo-sindicato-bancarios-1024x641.jpg 1024w, https:\/\/sjcbancarios.com.br\/site\/wp-content\/uploads\/2022\/11\/QRCODE-aplicativo-sindicato-bancarios-768x481.jpg 768w, https:\/\/sjcbancarios.com.br\/site\/wp-content\/uploads\/2022\/11\/QRCODE-aplicativo-sindicato-bancarios-24x15.jpg 24w, https:\/\/sjcbancarios.com.br\/site\/wp-content\/uploads\/2022\/11\/QRCODE-aplicativo-sindicato-bancarios-36x23.jpg 36w, https:\/\/sjcbancarios.com.br\/site\/wp-content\/uploads\/2022\/11\/QRCODE-aplicativo-sindicato-bancarios-48x30.jpg 48w\" sizes=\"(max-width: 1350px) 100vw, 1350px\" \/><\/p>\n","protected":false},"excerpt":{"rendered":"<p class=\"excerpt\">Com o novo aplicativo \u201csjcbancarios\u201d os associados e dependentes agora tem todos os servi\u00e7os oferecidos pela entidade na palma da m\u00e3o. A nova ferramenta traz informa\u00e7\u00f5es importantes como Not\u00edcias sobre a categoria, Conven\u00e7\u00e3o Coletiva de Trabalho, Benef\u00edcios, Conv\u00eanios, Clube de Campo e Carteirinha de s\u00f3cio do Sindicato, que vai substituir a de pl\u00e1stico. Pelo app [&hellip;]<\/p>\n","protected":false},"author":1,"featured_media":16075,"parent":0,"menu_order":0,"comment_status":"closed","ping_status":"closed","template":"","meta":{"_et_pb_use_builder":"","_et_pb_old_content":"","_et_gb_content_width":"","footnotes":""},"class_list":["post-16060","page","type-page","status-publish","has-post-thumbnail","hentry"],"_links":{"self":[{"href":"https:\/\/sjcbancarios.com.br\/site\/wp-json\/wp\/v2\/pages\/16060","targetHints":{"allow":["GET"]}}],"collection":[{"href":"https:\/\/sjcbancarios.com.br\/site\/wp-json\/wp\/v2\/pages"}],"about":[{"href":"https:\/\/sjcbancarios.com.br\/site\/wp-json\/wp\/v2\/types\/page"}],"author":[{"embeddable":true,"href":"https:\/\/sjcbancarios.com.br\/site\/wp-json\/wp\/v2\/users\/1"}],"replies":[{"embeddable":true,"href":"https:\/\/sjcbancarios.com.br\/site\/wp-json\/wp\/v2\/comments?post=16060"}],"version-history":[{"count":0,"href":"https:\/\/sjcbancarios.com.br\/site\/wp-json\/wp\/v2\/pages\/16060\/revisions"}],"wp:featuredmedia":[{"embeddable":true,"href":"https:\/\/sjcbancarios.com.br\/site\/wp-json\/wp\/v2\/media\/16075"}],"wp:attachment":[{"href":"https:\/\/sjcbancarios.com.br\/site\/wp-json\/wp\/v2\/media?parent=16060"}],"curies":[{"name":"wp","href":"https:\/\/api.w.org\/{rel}","templated":true}]}}